
Calculate the highest common divisor of 268 and 12.
4
Calculate the highest common factor of 280 and 616.
56
What is the highest common factor of 72 and 15?
3
Calculate the greatest common divisor of 7 and 875.
7
What is the highest common factor of 175 and 2030?
35
What is the greatest common factor of 30 and 340?
10
Calculate the greatest common divisor of 16 and 281.
1
What is the highest common factor of 309 and 9?
3
Calculate the greatest common factor of 3 and 75.
3
What is the highest common factor of 54 and 2?
2
Calculate the highest common factor of 9 and 83.
1
Calculate the highest common factor of 6 and 237.
3
Calculate the greatest common divisor of 32 and 1264.
16
What is the greatest common divisor of 28 and 1771?
7
Calculate the greatest common divisor of 4 and 77.
1
Calculate the greatest common factor of 381 and 2921.
127
What is the highest common divisor of 6305 and 65?
65
What is the highest common divisor of 1015 and 210?
35
What is the highest common factor of 52 and 481?
13
What is the greatest common factor of 11671 and 11?
11
What is the greatest common factor of 1134 and 168?
42
Calculate the highest common factor of 176 and 1712.
16
Calculate the highest common divisor of 2616 and 120.
24
Calculate the highest common divisor of 26 and 4589.
13
Calculate the highest common divisor of 530 and 890.
10
What is the greatest common divisor of 5621 and 292?
73
What is the highest common divisor of 495 and 198?
99
What is the highest common divisor of 2850 and 418?
38
What is the greatest common divisor of 212 and 53?
53
What is the highest common factor of 72 and 5292?
36
Calculate the greatest common divisor of 41 and 1066.
41
What is the highest common divisor of 2240 and 120?
40
What is the highest common divisor of 21 and 75?
3
Calculate the greatest common factor of 3969 and 42.
21
Calculate the greatest common factor of 225 and 45.
45
What is the highest common divisor of 12 and 752?
4
Calculate the greatest common factor of 644 and 364.
28
What is the highest common divisor of 833 and 49?
49
Calculate the highest common factor of 19 and 817.
19
Calculate the greatest common divisor of 405 and 9153.
81
What is the highest common divisor of 220 and 26510?
110
Calculate the greatest common divisor of 147 and 38122.
49
Calculate the greatest common factor of 531 and 59.
59
Calculate the highest common factor of 540 and 36.
36
What is the greatest common divisor of 38 and 190?
38
Calculate the highest common divisor of 2676 and 60.
12
Calculate the greatest common divisor of 21539 and 181.
181
Calculate the greatest common factor of 90 and 90.
90
What is the highest common factor of 42898 and 89?
89
Calculate the greatest common divisor of 290 and 145.
145
What is the greatest common factor of 4763 and 22?
11
What is the highest common factor of 24 and 48?
24
What is the highest common divisor of 126 and 1575?
63
What is the greatest common factor of 130 and 715?
65
Calculate the greatest common factor of 20 and 92.
4
Calculate the highest common factor of 388 and 6.
2
What is the highest common divisor of 3038 and 7?
7
Calculate the highest common factor of 938 and 670.
134
Calculate the highest common divisor of 1548 and 72.
36
Calculate the highest common divisor of 101 and 10201.
101
Calculate the greatest common factor of 525 and 21.
21
Calculate the highest common factor of 481 and 259.
37
Calculate the highest common divisor of 51 and 10149.
51
What is the greatest common factor of 976 and 256?
16
What is the highest common divisor of 68 and 22?
2
What is the highest common divisor of 6 and 117?
3
What is the greatest common divisor of 44 and 1177?
11
What is the greatest common divisor of 342 and 1944?
18
Calculate the highest common factor of 169 and 1.
1
What is the highest common factor of 515 and 10?
5
Calculate the highest common divisor of 32 and 8.
8
What is the highest common divisor of 96 and 36?
12
What is the highest common factor of 972 and 2772?
36
Calculate the greatest common divisor of 12705 and 42.
21
Calculate the highest common factor of 80 and 2120.
40
Calculate the greatest common divisor of 14 and 1246.
14
What is the greatest common factor of 1458 and 1377?
81
What is the highest common divisor of 1749 and 66?
33
What is the highest common factor of 32 and 3088?
16
What is the highest common factor of 495 and 45?
45
What is the highest common divisor of 36 and 1476?
36
What is the highest common divisor of 40 and 24?
8
What is the highest common divisor of 5022 and 243?
81
Calculate the highest common factor of 612 and 255.
51
Calculate the highest common divisor of 6 and 750.
6
What is the greatest common factor of 591 and 15?
3
What is the highest common factor of 600 and 1770?
30
What is the greatest common divisor of 18 and 27?
9
What is the greatest common factor of 110 and 495?
55
What is the greatest common factor of 680 and 280?
40
Calculate the highest common divisor of 966 and 138.
138
Calculate the highest common divisor of 13542 and 122.
122
What is the greatest common divisor of 16821 and 189?
189
Calculate the highest common factor of 1599 and 123.
123
What is the highest common factor of 22 and 352?
22
What is the greatest common divisor of 22 and 671?
11
Calculate the greatest common divisor of 5301 and 465.
93
What is the highest common factor of 392 and 62?
2
Calculate the greatest common factor of 1812 and 4.
4
Calculate the highest common divisor of 50 and 25.
25
Calculate the greatest common divisor of 51 and 150.
3
What is the greatest common factor of 228 and 96?
12
Calculate the greatest common factor of 186 and 248.
62
What is the highest common factor of 51 and 901?
17
What is the greatest common factor of 6 and 786?
6
What is the greatest common factor of 75 and 15?
15
What is the highest common divisor of 184 and 48?
8
What is the greatest common divisor of 18 and 11538?
18
What is the highest common factor of 15 and 9465?
15
What is the highest common factor of 1584 and 2442?
66
Calculate the greatest common factor of 14291 and 124.
31
What is the highest common factor of 4 and 18?
2
What is the greatest common factor of 55 and 2563?
11
Calculate the greatest common factor of 10225 and 25.
25
What is the highest common factor of 22152 and 156?
156
Calculate the highest common factor of 20 and 90.
10
Calculate the highest common divisor of 221 and 39.
13
What is the highest common divisor of 10 and 930?
10
Calculate the greatest common factor of 11 and 1034.
11
What is the highest common divisor of 4 and 1466?
2
Calculate the highest common divisor of 903 and 2838.
129
What is the highest common factor of 8 and 8?
8
What is the highest common divisor of 812 and 14?
14
What is the highest common divisor of 324 and 270?
54
What is the highest common divisor of 470 and 130?
10
Calculate the highest common divisor of 19 and 2299.
19
What is the greatest common divisor of 6 and 68?
2
What is the greatest common divisor of 259 and 888?
37
Calculate the highest common divisor of 4 and 28.
4
What is the highest common factor of 1848 and 847?
77
What is the highest common divisor of 1932 and 1173?
69
What is the highest common divisor of 200 and 5?
5
Calculate the highest common factor of 209 and 11.
11
Calculate the greatest common factor of 1215 and 180.
45
What is the greatest common factor of 1912 and 72?
8
Calculate the highest common divisor of 12 and 48.
12
Calculate the greatest common factor of 319 and 841.
29
Calculate the greatest common divisor of 264 and 99.
33
Calculate the highest common divisor of 34 and 1513.
17
What is the highest common divisor of 204 and 748?
68
Calculate the highest common factor of 952 and 6832.
56
What is the greatest common divisor of 3038 and 186?
62
What is the highest common divisor of 95 and 9405?
95
What is the greatest common factor of 276 and 8901?
69
What is the greatest common divisor of 511 and 35?
7
Calculate the highest common factor of 963 and 108.
9
Calculate the greatest common divisor of 133 and 413.
7
Calculate the highest common divisor of 434 and 42.
14
Calculate the greatest common divisor of 45 and 63.
9
What is the greatest common divisor of 8282 and 328?
82
What is the greatest common factor of 9200 and 